 factors of 3118964160.
2, 3, 5, 13, 17, 61, 241
What are the prime factors of 1788022106?
2, 13, 151, 455431
What are the prime factors of 67955188?
2, 7, 17, 367, 389
List the prime factors of 911905543.
613, 719, 2069
What are the prime factors of 2634541200?
2, 3, 5, 31, 43, 61
List the prime factors of 238757092.
2, 7, 8527039
What are the prime factors of 3038647378?
2, 13, 8990081
List the prime factors of 64863943.
863, 75161
List the prime factors of 5781659337.
3, 3461, 61871
What are the prime factors of 329820313?
329820313
List the prime factors of 454507218.
2, 3, 11, 61, 311
What are the prime factors of 22089729?
3, 23, 320141
What are the prime factors of 197550258?
2, 3, 19, 71, 24407
What are the prime factors of 27148614?
2, 3, 53, 59, 1447
List the prime factors of 97642626.
2, 3, 16273771
List the prime factors of 1795050418.
2, 7, 2683, 6827
What are the prime factors of 23664879?
3, 7, 41737
List the prime factors of 7505724.
2, 3, 625477
List the prime factors of 13579455.
3, 5, 905297
List the prime factors of 15489073.
43, 8377
List the prime factors of 57450514.
2, 11, 17, 153611
What are the prime factors of 313153272?
2, 3, 421, 10331
List the prime factors of 301110137.
17, 17712361
List the prime factors of 3752112475.
5, 23, 53, 123121
List the prime factors of 3202323648.
2, 3, 59, 282691
List the prime factors of 159414245.
5, 31, 1028479
List the prime factors of 8648615780.
2, 5, 7, 293, 210839
What are the prime factors of 3259726649?
163, 563, 35521
What are the prime factors of 1569609749?
193, 8132693
List the prime factors of 218860811.
13, 47, 358201
List the prime factors of 1470338266.
2, 61, 197573
List the prime factors of 56602814.
2, 4493, 6299
List the prime factors of 52217443.
1069, 48847
List the prime factors of 288737590.
2, 5, 28873759
List the prime factors of 149452979.
13, 29, 396427
What are the prime factors of 68869365?
3, 5, 241, 19051
What are the prime factors of 5924086863?
3, 1974695621
What are the prime factors of 344569001?
7, 1571, 31333
List the prime factors of 398500074.
2, 3, 7, 41, 2857
What are the prime factors of 16267667?
13, 19, 67, 983
List the prime factors of 165589335.
3, 5, 197, 18679
What are the prime factors of 20800409?
7, 239, 12433
List the prime factors of 33506514.
2, 3, 620491
What are the prime factors of 2037274853?
29, 113, 311, 1999
List the prime factors of 805000193.
805000193
What are the prime factors of 91426278?
2, 3, 449, 33937
List the prime factors of 1157128528.
2, 17, 23, 37, 4999
What are the prime factors of 240081178?
2, 120040589
List the prime factors of 398575821.
3, 7, 18979801
List the prime factors of 1743270889.
1743270889
List the prime factors of 60482904.
2, 3, 2520121
List the prime factors of 3326750903.
7, 127, 3742127
List the prime factors of 77208475.
5, 17, 181667
List the prime factors of 2171959376.
2, 499, 272039
List the prime factors of 531946910.
2, 5, 11, 71, 68111
List the prime factors of 139916062.
2, 11, 13, 489217
List the prime factors of 8386947291.
3, 29, 59, 463, 3529
List the prime factors of 401876567.
401876567
What are the prime factors of 1423006896?
2, 3, 17, 1743881
What are the prime factors of 2652419391?
3, 79, 383, 29221
What are the prime factors of 623657325?
3, 5, 17, 29, 101, 167
What are the prime factors of 59127333?
3, 4373, 4507
What are the prime factors of 111663688?
2, 29, 71, 6779
List the prime factors of 7492490.
2, 5, 749249
What are the prime factors of 2493702969?
3, 831234323
What are the prime factors of 64062039?
3, 21354013
List the prime factors of 46854924.
2, 3, 17, 229681
List the prime factors of 25284442.
2, 1193, 10597
What are the prime factors of 3138411808?
2, 7, 127, 110321
What are the prime factors of 250325867?
11, 17, 1338641
List the prime factors of 88496607.
3, 263, 112163
List the prime factors of 5470272766.
2, 7, 229, 349, 4889
List the prime factors of 126486838.
2, 19, 3328601
List the prime factors of 45960327.
3, 7, 37, 19717
What are the prime factors of 3175710582?
2, 3, 11, 4374257
List the prime factors of 1470533006.
2, 19, 43, 193, 4663
What are the prime factors of 777811851?
3, 89, 971051
List the prime factors of 6844087102.
2, 3422043551
What are the prime factors of 2537859390?
2, 3, 5, 11, 7690483
What are the prime factors of 2163329254?
2, 17, 47, 61, 22193
List the prime factors of 75386212.
2, 11, 907, 1889
List the prime factors of 111511675.
5, 11, 405497
List the prime factors of 140147325.
3, 5, 19, 32783
List the prime factors of 40270097.
7, 37, 89, 1747
List the prime factors of 2418545760.
2, 3, 5, 5038637
List the prime factors of 341275709.
149, 2290441
What are the prime factors of 72379672?
2, 61, 71, 2089
What are the prime factors of 107112513?
3, 35704171
What are the prime factors of 7437320?
2, 5, 11, 16903
List the prime factors of 149833939.
149833939
List the prime factors of 44050134.
2, 3, 7341689
List the prime factors of 1479910257.
3, 7, 479, 5449
List the prime factors of 70466675.
5, 2818667
What are the prime factors of 3070972?
2, 271, 2833
What are the prime factors of 37629879?
3, 7, 1791899
List the prime factors of 717379779.
3, 1297, 184369
List the prime factors of 3185912100.
2, 3, 5, 7, 1517101
List the prime factors of 768485366.
2, 11, 101, 345853
List the prime factors of 112725471.
3, 619, 60703
What are the prime factors of 28652416?
2, 13, 67, 257
What are the prime factors of 462109164?
2, 3, 11, 17, 97, 193
What are the prime factors of 49021396?
2, 53, 79, 2927
What are the prime factors of 586586836?
2, 11, 17, 31, 41, 617
What are the prime factors of 2042079471?
3, 337, 224429
List the prime factors of 160990240.
2, 5, 1006189
List the prime factors of 61939497.
3, 83, 248753
What are the prime factors of 13251526?
2, 431, 15373
What are the prime factors of 1034612074?
2, 517306037
List the prime factors of 40399601.
11, 59, 5659
List the prime factors of 3113065932.
2, 3, 163, 1591547
List the prime factors of 411111435.
3, 5, 7, 571, 6857
List the prime factors of 645089991.
3, 7, 13, 2362967
What are the prime factors of 70544601?
3, 96769
What are the prime factors of 35333627?
7, 5047661
What are the prime factors of 87238877?
11, 7930807
List the prime factors of 377256212.
2, 23, 4100611
List the prime factors of 5496528.
2, 3, 307, 373
What are the prime factors of 564966622?
2, 11, 2371, 10831
List the prime factors of 107669219.
7, 19, 109, 1061
List the prime factors of 29270657.
13, 29, 77641
List the prime factors of 5688944748.
2, 3, 158026243
What are the prime factors of 373448182?
2, 47, 613, 6481
What are the prime factors of 500386843?
11, 61, 745733
What are the prime factors of 277069218?
2, 3, 46178203
List the prime factors of 1168027121.
16273, 71777
What are the prime factors of 3034444558?
2, 1517222279
List the prime factors of 275997116.
2, 19, 3631541
What are the prime factors of 4081626?
2, 3, 23, 9859
List the prime factors of 1112357423.
113, 257, 38303
What are the prime factors of 2271789858?
2, 3, 13, 97, 283, 1061
What are the prime factors of 285335115?
3, 5, 13, 1463257
What are the prime factors of 222532461?
3, 41, 4903
List the prime factors of 2259389737.
11, 205399067
List the prime factors of 65613126.
2, 3, 157, 69653
What are the prime factors of 156315441?
3, 52105147
List the prime factors of 110217929.
229, 481301
What are the prime factors of 36548333?
61, 599153
List the prime factors of 20212598.
2, 7, 206251
What are the prime factors of 2184143573?
79, 27647387
What are the prime factors of 2392329422?
2, 7, 29, 47, 125371
List the prime factors of 69867201.
3, 23289067
What are the prime factors of 20518146?
2, 3, 11, 173, 599
List the prime factors of 107084427.
3, 35694809
List the prime factors of 1737518165.
5, 347503633
What are the prime factors of 440961166?
2, 53, 4160011
List the prime factors of 34264773.
3, 1109, 3433
What are the prime factors of 13529528?
2, 73, 23167
What are the prime factors of 35508055?
5, 11, 19, 3089
List the prime factors of 1036368056.
2, 129546007
List the prime factors of 108984200.
2, 5, 13, 167, 251
What are the prime factors of 26971587?
3, 67, 44729
What are the prime factors 